eds digit of 1066342?
3
What is the hundred thousands digit of 6234429?
2
What is the ten thousands digit of 3992570?
9
What is the hundred thousands digit of 1284950?
2
What is the ten thousands digit of 21839501?
3
What is the hundreds digit of 379291?
2
What is the tens digit of 9682926?
2
What is the millions digit of 5199862?
5
What is the ten thousands digit of 3842717?
4
What is the hundreds digit of 1777133?
1
What is the hundred thousands digit of 1273264?
2
What is the hundreds digit of 4044226?
2
What is the hundreds digit of 20232993?
9
What is the ten thousands digit of 2238987?
3
What is the units digit of 6613744?
4
What is the tens digit of 117486?
8
What is the ten thousands digit of 959310?
5
What is the ten millions digit of 17186278?
1
What is the hundreds digit of 517520?
5
What is the units digit of 2508792?
2
What is the hundred thousands digit of 32859822?
8
What is the thousands digit of 140098?
0
What is the ten thousands digit of 249777?
4
What is the hundreds digit of 5865745?
7
What is the millions digit of 1273820?
1
What is the millions digit of 8617561?
8
What is the hundred thousands digit of 216201?
2
What is the thousands digit of 1704390?
4
What is the hundred thousands digit of 12098580?
0
What is the ten millions digit of 24747824?
2
What is the units digit of 626252?
2
What is the units digit of 2763783?
3
What is the tens digit of 411181?
8
What is the millions digit of 9767974?
9
What is the tens digit of 982?
8
What is the hundred thousands digit of 7508072?
5
What is the units digit of 2625470?
0
What is the ten thousands digit of 11436223?
3
What is the hundreds digit of 3177559?
5
What is the tens digit of 1752465?
6
What is the thousands digit of 3196721?
6
What is the ten thousands digit of 573930?
7
What is the hundred thousands digit of 7385888?
3
What is the thousands digit of 22180728?
0
What is the ten thousands digit of 918992?
1
What is the thousands digit of 99489?
9
What is the hundred thousands digit of 695720?
6
What is the thousands digit of 318587?
8
What is the units digit of 1094960?
0
What is the hundred thousands digit of 234283?
2
What is the hundreds digit of 667602?
6
What is the hundreds digit of 246869?
8
What is the hundred thousands digit of 2261752?
2
What is the units digit of 34888515?
5
What is the hundreds digit of 139573?
5
What is the units digit of 2891388?
8
What is the hundred thousands digit of 3239789?
2
What is the units digit of 260286?
6
What is the thousands digit of 1141439?
1
What is the units digit of 5093577?
7
What is the hundreds digit of 1119326?
3
What is the hundreds digit of 442600?
6
What is the tens digit of 492893?
9
What is the hundreds digit of 7229655?
6
What is the ten millions digit of 10831358?
1
What is the units digit of 586319?
9
What is the ten thousands digit of 7770182?
7
What is the units digit of 294716?
6
What is the hundreds digit of 58304?
3
What is the hundred thousands digit of 455636?
4
What is the tens digit of 5685072?
7
What is the ten thousands digit of 1876878?
7
What is the units digit of 1838354?
4
What is the millions digit of 2289282?
2
What is the hundreds digit of 4594535?
5
What is the units digit of 1718659?
9
What is the ten thousands digit of 270015?
7
What is the hundreds digit of 139009?
0
What is the units digit of 111805?
5
What is the tens digit of 3360852?
5
What is the units digit of 35506?
6
What is the hundred thousands digit of 205431?
2
What is the thousands digit of 1053820?
3
What is the hundred thousands digit of 5723133?
7
What is the hundred thousands digit of 1109783?
1
What is the units digit of 118695?
5
What is the units digit of 81780?
0
What is the units digit of 322969?
9
What is the units digit of 173162?
2
What is the millions digit of 1907867?
1
What is the tens digit of 2307719?
1
What is the hundreds digit of 11604548?
5
What is the hundred thousands digit of 15415655?
4
What is the thousands digit of 169629?
9
What is the thousands digit of 7928142?
8
What is the ten thousands digit of 10719100?
1
What is the tens digit of 202824?
2
What is the hundred thousands digit of 19995267?
9
What is the tens digit of 9928285?
8
What is the units digit of 1337833?
3
What is the units digit of 21520397?
7
What is the ten thousands digit of 1440967?
4
What is the thousands digit of 364230?
4
What is the hundreds digit of 8037270?
2
What is the hundreds digit of 7473790?
7
What is the ten thousands digit of 2045785?
4
What is the thousands digit of 347511?
7
What is the thousands digit of 5370480?
0
What is the tens digit of 792317?
1
What is the units digit of 35214746?
6
What is the millions digit of 2111554?
2
What is the hundred thousands digit of 1215655?
2
What is the tens digit of 132856?
5
What is the thousands digit of 10580658?
0
What is the ten thousands digit of 3442444?
4
What is the ten thousands digit of 264810?
6
What is the hundred thousands digit of 441039?
4
What is the millions digit of 8087487?
8
What is the ten thousands digit of 646162?
4
What is the tens digit of 287957?
5
What is the units digit of 343455?
5
What is the thousands digit of 8388?
8
What is the hundreds digit of 1050756?
7
What is the hundred thousands digit of 1550069?
5
What is the hundreds digit of 554576?
5
What is the hundreds digit of 12007709?
7
What is the hundreds digit of 6899396?
3
What is the thousands digit of 1717195?
7
What is the hundred thousands digit of 977121?
9
What is the hundreds digit of 102315?
3
What is the millions digit of 4317963?
4
What is the hundreds digit of 2096?
0
What is the ten thousands digit of 101253?
0
What is the hundreds digit of 319223?
2
What is the hundred thousands digit of 120579?
1
What is the thousands digit of 906239?
6
What is the thousands digit of 24581488?
1
What is the hundred thousands digit of 16170110?
1
What is the hundred thousands digit of 642245?
6
What is the units digit of 62528?
8
What is the units digit of 78921?
1
What is the tens digit of 7654216?
1
What is the hundreds digit of 127425?
4
What is the hundred thousands digit of 2789093?
7
What is the hundred thousands digit of 635082?
6
What is the tens digit of 908381?
8
What is the hundreds digit of 12450339?
3
What is the hundreds digit of 978134?
1
What is the hundred thousands digit of 678898?
6
What is the millions digit of 4223087?
4
What is the tens digit of 509886?
8
What is the ten thousands digit of 1371412?
7
What is the tens digit of 1563845?
4
What is the hundred thousands digit of 1119363?
1
What is the tens digit of 267803?
0
What is the thousands digit of 865345?
5
What is the units digit of 9694173?
3
What is the millions digit of 2231561?
2
What is the millions digit of 2098612?
2
What is the units digit of 383134?
4
What is the thousands digit of 197244?
7
What is the ten thousands digit of 3454183?
5
What is the hundred thousands digit of 5944731?
9
What is the thousands digit of 218444?
8
What is the units digit of 15332777?
7
What is the hundreds digit of 11071?
0
What is the hundred thousands digit of 1023105?
0
What is the thousands digit of 23688051?
8
What is the ten thousands digit of 1033978?
3
What is the thousands digit of 4283207?
3
What is the hundred thousands digit of 101855?
1
What is the hundreds digit of 165553?
5
What is the hundred thousands digit of 16481264?
4
What is the ten thousands digit of 251127?
5
What is the tens digit of 3232124?
2
What is the millions digit of 1498303?
1
What is the hundred thousands digit of 125648?
1
What is the ten thousands digit of 756893?
5
What is the units digit of 306662?
2
What is the tens digit of 409064?
6
What is the millions digit of 13012679?
3
What is the thousands digit of 123524?
3
What is the hundreds digit of 761247?
2
What is the ten thousands digit of 2326807?
2
What is the units digit of 2399929?
9
What is the tens digit of 441047?
4
What is the thousands digit of 97364?
7
What is the hundred thousands digit of 738506?
7
What is the units digit of 7324501?
1
What is the thousands digit of 4191285?
1
What is the units digit of 1097386?
6
What is the tens digit of 162002?
0
What is the millions digit of 4602618?
4
What is the tens digit of 489659?
5
What is the hundreds digit of 62752?
7
What is t